 -3*i + 4 + 2 = 0. Let n = 0 + i. Is t(n) composite?
True
Let h(j) = -1. Let z(p) = p**2 + 6. Let a(d) = 4*h(d) + z(d). Let t be a(-5). Is (-248)/(-18) - (-6)/t a composite number?
True
Suppose 5*n + 7*i - 5*i - 148507 = 0, 6*n + 3*i - 178206 = 0. Is n composite?
True
Let t(u) = 6*u**3 + 5*u**2 - 20*u - 10. Let y be 4*3/6 - -5. Is t(y) a prime number?
True
Suppose n = 7 - 5. Suppose -8*w = -n*w - 4506. Is w prime?
True
Suppose -26*y + 13*y + 177333 = 0. Is y composite?
True
Let g = 9117 + -5132. Is g composite?
True
Let u = -3746 - -7430. Suppose -85*x + 81*x = -u. Is x prime?
False
Let f = -8120 + 17397. Is f composite?
False
Is 121413/2*(2 - (-48)/(-36)) prime?
True
Suppose -4*c + 6 = -2*l, c = -2*c + 4*l + 2. Let m(u) be the first derivative of 25*u**4/2 + u**3/3 - 3*u**2/2 + 3*u + 1. Is m(c) composite?
False
Let p(d) = 454*d**2 + 4*d - 11. Is p(5) a prime number?
False
Suppose 63*y = 83*y - 63860. Is y prime?
False
Suppose 228 = -2*m - 2528. Is 33/(-2)*m/39 a composite number?
True
Let x(g) = 1047*g + 74. Suppose 11*q - 98 = -3*q. Is x(q) composite?
True
Let n be (1 + -1325)/(-2 + 1). Suppose -n = -8*l + 6*l. Suppose f = -f + l. Is f composite?
False
Let l = -3 + 33. Let i = -29 + l. Let c(g) = 332*g**2 - 3*g + 2. Is c(i) a prime number?
True
Suppose -12*m + 593 = -5803. Is m prime?
False
Suppose 1 = 2*y - 3. Suppose -2*o = y*o. Suppose o = -6*n + 4*n + 470. Is n composite?
True
Suppose 11*c - 4010 = 45567. Is c a composite number?
False
Let b be 2*-1 + (5 - (79 - 7)). Let o = 78 + b. Is o prime?
False
Suppose -1 = 4*w - 13. Suppose -w*o + 3*p + 2271 = 0, 3*o - 2*p - 2275 = 2*p. Is o composite?
True
Is (15879 + -2)*(-3)/(0 + -3) a composite number?
False
Is (-11)/((7 - 1)/(-42762)) a prime number?
False
Suppose -25 = -8*b + 3*b, l + 5*b = 484. Is -2*(3/6*-1 - l) a composite number?
False
Let c(g) = -866*g**3 + 4*g**2 + 9*g + 5. Is c(-2) a prime number?
False
Suppose 0*w - 2*z = 3*w - 7259, 0 = 5*w + 2*z - 12093. Is w a composite number?
False
Let g = 3519 - 1992. Is g a prime number?
False
Let z(n) = 8*n - 7. Suppose -v + 5 = -0*v. Is z(v) a prime number?
False
Suppose -5*j - v + 620 = 0, 2*v = j - 15 - 98. Let n = j + -74. Is n prime?
False
Let f(q) = 43*q**2 - q - 6. Let h be f(6). Suppose 0 = -5*p + 2*p - h. Is (-2)/3*(11 + p) prime?
False
Is (2/6)/((-5)/(-76185)) - 2 a composite number?
False
Suppose -5*s + 6 = 4*w - 9, -3*w - 2*s = -13. Suppose 10289 = w*p - 5846. Is p composite?
True
Let h be (3/(-2))/((-9)/24). Suppose -5*i = h*j - 6221, 2*j + 4972 = 4*i + 4*j. Is i/7 + (-14)/49 prime?
False
Let m = 36 - 34. Suppose 0 = -m*g - 4*c + 46, 5*g - g - 64 = -c. Is g prime?
False
Let n = 61161 + -27976. Is n a composite number?
True
Let x(y) = 1084*y**2 + 13*y - 18. Is x(7) composite?
False
Suppose 0*p - 28 = -4*p. Suppose -2*w + 30 = -p*w. Let f(k) = 5*k**2 - 6*k + 7. Is f(w) prime?
True
Suppose 6*l = 2*l + 4*v + 73732, 0 = -4*l + v + 73744. Is l a composite number?
True
Let d(o) = -799*o - 2. Let w be d(-1). Is (w/1)/((-3)/(-3)) composite?
False
Suppose 0 = 7*q - 4653 - 31376. Is q a composite number?
False
Let l be -7*(-1 - 0/(-5)). Suppose -1981 = -2*k - 3*g, l*k - 4*k - g - 2966 = 0. Is k prime?
False
Suppose 4*o + 636 = -4*f, 5*o + f + f + 786 = 0. Let w = -59 - o. Is w a composite number?
False
Let b be 9135/(-42) + (-1)/2. Let n = 155 - 707. Let c = b - n. Is c prime?
False
Let l(w) = 207*w**2 + w + 31. Is l(-6) composite?
False
Let g = 1 + 1. Let h(s) = -9*s + 38*s - 1 + 50*s. Is h(g) a composite number?
False
Let z(i) = i**3 - 7*i**2 + 3*i - 16. Let n be z(7). Suppose -n*p = -20, k = 6*k + 3*p - 1747. Is k a composite number?
False
Suppose -2*w = -3*n - 9 - 20, -4*n - 50 = 3*w. Let o = n - -34. Is o composite?
False
Let s be (-2)/(-6)*6 + (-1 - -1). Suppose -c + 6980 = c + 2*h, -s*c = 5*h - 6971. Is c a prime number?
False
Suppose -5*d = -3*q + 54583, -5*q + 43431 + 47516 = 4*d. Is q a prime number?
True
Suppose -780 - 5015 = -5*y - 4*p, 2*y - 2330 = -4*p. Let i = y - -252. Suppose 0*b = 3*b - i. Is b a prime number?
False
Suppose -4*f + 208322 - 74814 = 0. Is f prime?
True
Let m be (-68)/2 + -1 + 0. Let u be (4 - 28/8)*26/(-1). Let t = u - m. Is t a composite number?
True
Let s(c) = c**3 - 8*c**2 - 12*c + 2. Suppose v = 3*v - 20. Let q be s(v). Suppose h = 4*z - 391, -h - q = -z - 6*h. Is z a composite number?
False
Suppose 123 = 5*w + 38. Suppose 3*r - w = -2*r - q, 5*q + 2 = 4*r. Suppose -108 = -r*f + 45. Is f a composite number?
True
Is (-1905390)/36*(-4)/6 a composite number?
True
Is -1*((-7)/(-3))/((-8)/744) a composite number?
True
Suppose -i = 2*b - 176 - 673, 3*i = -4*b + 2551. Is i prime?
True
Suppose -6*s + 4*s = 0, 129916 = 4*c - s. Is c composite?
False
Suppose 4*k + 19 - 3 = 0. Let w(i) = 16*i - 3. Let y(b) = -31*b + 7. Let f(g) = 7*w(g) + 4*y(g). Is f(k) a composite number?
True
Let n = 1211 + -352. Is n a prime number?
True
Let p(h) = -137*h**3 + 6*h**2 - 15*h - 1. Is p(-4) a prime number?
True
Let n(y) = -160*y - 3. Is n(-1) prime?
True
Let o be 8554/4*2 - 2. Let i = 6690 - o. Suppose -6 - 19 = -5*q, -2*w = 5*q - i. Is w prime?
False
Let f = -1179 + 3757. Let r = f - 3949. Let d = -718 - r. Is d prime?
True
Let x = 1 - -2. Let w = 5 - x. Suppose -w*j - 2 = 0, 3*b + 3*j + 86 - 242 = 0. Is b prime?
True
Let h(j) = -2968*j + 11. Is h(-8) composite?
True
Let n(y) = y**2 - 13*y - 10. Let p be n(14). Suppose -p*w + 3*w + 8 = 0. Is 2/(7/(3556/w)) composite?
False
Suppose 2*x = -4*g + 90, 0 = 3*x + 2*g + g - 120. Let a = -33 + x. Let m(p) = 105*p**2 - 2*p + 1. Is m(a) a prime number?
False
Let b be (-4)/14 - 23/(-7). Let r(j) = 19*j**3 - 5*j + 7. Is r(b) composite?
True
Suppose -2*u + 3*o = 2, 5*u = 2*u - 5*o + 35. Suppose -5*b = -5, b = w + u*b - 213. Is w composite?
True
Suppose -5*u = -2*d - 180275, 0 = -2*u + 15*d - 13*d + 72116. Is u a prime number?
False
Suppose -111*a - 37619 = -112*a. Is a a prime number?
True
Let w be 4 + 764/2 - 0. Let u = w - -163. Suppose k - u = -5*z, 0 = 2*z - 4*k - 12 - 190. Is z a prime number?
True
Let o(y) = 20*y**3 + 12*y**2 - 23. Is o(5) a composite number?
False
Suppose 3*q + g + 2526 = 10530, -5*q - 4*g + 13333 = 0. Is q a prime number?
False
Is -25 - -18 - (-9110 + 0) composite?
False
Let c be (-24)/9*(-57)/4. Let m = c + 21. Is m composite?
False
Let y(l) = 2*l**2 + 4*l + 3. Let o = 20 + -25. Is y(o) a prime number?
False
Let d(p) be the third derivative of p**6/120 + 13*p**5/60 - p**4/24 - 5*p**3/2 + 5*p**2. Let z be d(-13). Is (z + -11)*1*-1 prime?
True
Let m = 30214 - -28887. Is m a composite number?
True
Suppose 6*a + 8 = -4. Is a/8 - 14559/(-12) a composite number?
False
Let w(j) = 3 + 8*j**2 + 4*j**3 + 2*j**3 + 0*j**2 - 5*j**2 + 2*j. Let s be w(3). Suppose -5*z - 3*n + s = 0, z - 17 = -4*n + 26. Is z a prime number?
False
Suppose -135886 = -28*d + 319086. Is d a prime number?
True
Let r(n) = 7*n**2 + 3*n - 16. Let v be r(-11). Suppose -250 = -t - 3*d, 3*t + 0*d = 3*d + v. Is t a composite number?
True
Let f be (-3583 - -7)*2/(-4). Let r = -1147 + f. Is r composite?
False
Let n be (-534)/8*(-24)/9. Suppose 6*f - n = 692. Is f a prime number?
False
Let g(j) = j**3 + 2*j**2 - 8*j + 9. Let x be g(-5). Is (-27270)/x + 8/52 prime?
True
Let z be ((-234)/(-24))/(3/12). Is ((-13)/z)/((-2)/1302) a prime number?
False
Is -226*((-4066)/4)/19 a composite number?
True
Let k = 5939 + -1458. Is k composite?
False
Let n be (4/(-12))/(2/(-23388)). Suppose n = 2*j + 5*f, 6*j - f = j + 9745. Is j composite?
False
Is (-4)/(-24)*-4*(-519762)/4 prime?
True
Suppose z - 4*m + 12 + 6 = 0, -3 = -2*z - 5*m. Is 18363/9 - ((-2)/z + -1) prime?
False
Let l(m) = m**3 + 13*m**2 - 14*m - 5. Let h be l(-14). Let z be h + 1 + (0 - -13). Suppose 0 = 4*v - z*v + 1055. Is v composite?
False
Let s(h) = 97*h**2 + 2*h - 1. Let q(l) = -l**2 + 8*l - 14. Let a be q(4). Is s(a) prime?
False
Let g be (-191)/((1 - 2) + 2). Let y = -296 - g. Let i = y + 352. Is i a composite number?
True
Suppose -r + 2*i = 5*i - 33275, 0 = -r + 4*i + 33303. Is r a composite number?
False
Suppose c - y + 4*y - 5973 = 0, 23926 = 4*c - 5*y. Suppose z = -2*z + c. Is z a prime number?
True
Let n be 1/(-3) + (-4400)/(-6). Let l = n - 294. Is l a prime number?
True
Suppose -u = -5*v + 70491, u = -5*v + 4*u + 70483. Is v composite?
True
Let w(